{"id":33,"date":"2025-05-15T11:33:01","date_gmt":"2025-05-15T09:33:01","guid":{"rendered":"http:\/\/ciaibf.com\/?page_id=33"},"modified":"2025-05-19T23:49:36","modified_gmt":"2025-05-19T21:49:36","slug":"actualites","status":"publish","type":"page","link":"https:\/\/ciaibf.com\/index.php\/actualites\/","title":{"rendered":"Actualit\u00e9s"},"content":{"rendered":"\n<div class=\"wp-block-group alignwide has-global-padding is-layout-constrained wp-container-core-group-is-layout-88892e88 wp-block-group-is-layout-constrained\" style=\"padding-top:var(--wp--preset--spacing--xx-small);padding-right:var(--wp--preset--spacing--xx-small);padding-bottom:var(--wp--preset--spacing--xx-small);padding-left:var(--wp--preset--spacing--xx-small)\"><ul class=\"wp-block-latest-posts__list is-grid columns-3 has-dates wp-block-latest-posts\"><li><a class=\"wp-block-latest-posts__post-title\" href=\"https:\/\/ciaibf.com\/index.php\/2025\/05\/27\/essaie-darticles\/\">Essaie d&rsquo;articles<\/a><time datetime=\"2025-05-27T19:27:43+02:00\" class=\"wp-block-latest-posts__post-date\">27 mai 2025<\/time><div class=\"wp-block-latest-posts__post-excerpt\">mon debut d&rsquo;article<\/div><\/li>\n<li><div class=\"wp-block-latest-posts__featured-image\"><img loading=\"lazy\" decoding=\"async\" width=\"150\" height=\"90\" src=\"https:\/\/ciaibf.com\/wp-content\/uploads\/2025\/05\/logo-150x90.png\" class=\"attachment-thumbnail size-thumbnail wp-post-image\" alt=\"\" style=\"\" \/><\/div><a class=\"wp-block-latest-posts__post-title\" href=\"https:\/\/ciaibf.com\/index.php\/2025\/05\/19\/essaie\/\">Essaie<\/a><time datetime=\"2025-05-19T23:44:31+02:00\" class=\"wp-block-latest-posts__post-date\">19 mai 2025<\/time><div class=\"wp-block-latest-posts__post-excerpt\">Un&nbsp;texte&nbsp;est une s\u00e9rie orale ou \u00e9crite de&nbsp;mots&nbsp;per\u00e7us comme constituant un ensemble coh\u00e9rent,\u2026 <a class=\"wp-block-latest-posts__read-more\" href=\"https:\/\/ciaibf.com\/index.php\/2025\/05\/19\/essaie\/\" rel=\"noopener noreferrer\">Lire la suite<span class=\"screen-reader-text\">\u00a0: Essaie<\/span><\/a><\/div><\/li>\n<li><a class=\"wp-block-latest-posts__post-title\" href=\"https:\/\/ciaibf.com\/index.php\/2025\/05\/13\/bonjour-tout-le-monde\/\">Bonjour tout le monde\u00a0!<\/a><time datetime=\"2025-05-13T01:33:31+02:00\" class=\"wp-block-latest-posts__post-date\">13 mai 2025<\/time><div class=\"wp-block-latest-posts__post-excerpt\">Bienvenue sur WordPress. Ceci est votre premier article. Modifiez-le ou supprimez-le, puis\u2026 <a class=\"wp-block-latest-posts__read-more\" href=\"https:\/\/ciaibf.com\/index.php\/2025\/05\/13\/bonjour-tout-le-monde\/\" rel=\"noopener noreferrer\">Lire la suite<span class=\"screen-reader-text\">\u00a0: Bonjour tout le monde\u00a0!<\/span><\/a><\/div><\/li>\n<\/ul><\/div>\n","protected":false},"excerpt":{"rendered":"","protected":false},"author":1,"featured_media":0,"parent":0,"menu_order":0,"comment_status":"closed","ping_status":"closed","template":"","meta":{"footnotes":""},"class_list":["post-33","page","type-page","status-publish","hentry"],"_links":{"self":[{"href":"https:\/\/ciaibf.com\/index.php\/wp-json\/wp\/v2\/pages\/33","targetHints":{"allow":["GET"]}}],"collection":[{"href":"https:\/\/ciaibf.com\/index.php\/wp-json\/wp\/v2\/pages"}],"about":[{"href":"https:\/\/ciaibf.com\/index.php\/wp-json\/wp\/v2\/types\/page"}],"author":[{"embeddable":true,"href":"https:\/\/ciaibf.com\/index.php\/wp-json\/wp\/v2\/users\/1"}],"replies":[{"embeddable":true,"href":"https:\/\/ciaibf.com\/index.php\/wp-json\/wp\/v2\/comments?post=33"}],"version-history":[{"count":6,"href":"https:\/\/ciaibf.com\/index.php\/wp-json\/wp\/v2\/pages\/33\/revisions"}],"predecessor-version":[{"id":349,"href":"https:\/\/ciaibf.com\/index.php\/wp-json\/wp\/v2\/pages\/33\/revisions\/349"}],"wp:attachment":[{"href":"https:\/\/ciaibf.com\/index.php\/wp-json\/wp\/v2\/media?parent=33"}],"curies":[{"name":"wp","href":"https:\/\/api.w.org\/{rel}","templated":true}]}}